{"id":1306,"date":"2026-04-03T09:36:25","date_gmt":"2026-04-03T09:36:25","guid":{"rendered":"https:\/\/mlkonsulting.pl\/?page_id=1306"},"modified":"2026-04-03T09:51:44","modified_gmt":"2026-04-03T09:51:44","slug":"wdrozenia","status":"publish","type":"page","link":"https:\/\/mlkonsulting.pl\/index.php\/wdrozenia\/","title":{"rendered":"Wdro\u017cenia"},"content":{"rendered":"\n<div class=\"wp-block-group\"><div class=\"wp-block-group__inner-container is-layout-constrained wp-block-group-is-layout-constrained\">\n<div class=\"wp-block-cover\" style=\"min-height:392px;aspect-ratio:unset;\"><span aria-hidden=\"true\" class=\"wp-block-cover__background has-neve-link-color-background-color has-background-dim-100 has-background-dim\"><\/span><div class=\"wp-block-cover__inner-container is-layout-flow wp-block-cover-is-layout-flow\">\n<div class=\"wp-block-columns is-layout-flex wp-container-core-columns-is-layout-9d6595d7 wp-block-columns-is-layout-flex\">\n<div class=\"wp-block-column is-layout-flow wp-block-column-is-layout-flow\" style=\"flex-basis:20%\"><\/div>\n\n\n\n<div class=\"wp-block-column is-layout-flow wp-block-column-is-layout-flow\" style=\"flex-basis:60%\">\n<div class=\"wp-block-group\"><div class=\"wp-block-group__inner-container is-layout-constrained wp-block-group-is-layout-constrained\">\n<h2 class=\"wp-block-heading has-text-align-center has-nv-text-dark-bg-color has-text-color\"><strong>Efektywno\u015b\u0107 nie jest przypadkiem \u2013 jest wynikiem dobrze zaprojektowanego procesu<\/strong>.<\/h2>\n\n\n\n<p class=\"has-text-align-left has-nv-text-dark-bg-color has-text-color has-link-color wp-elements-88c6920831ca8d2d146e88fcd7e6a188\">Wspieramy organizacje w skutecznym wdra\u017caniu Lean Management oraz Total Productive Maintenance, koncentruj\u0105c si\u0119 na realnej poprawie efektywno\u015bci proces\u00f3w, zwi\u0119kszeniu dost\u0119pno\u015bci maszyn i redukcji strat produkcyjnych. Nasze dzia\u0142ania opieraj\u0105 si\u0119 na pracy bezpo\u015brednio w \u015brodowisku klienta, dzi\u0119ki czemu wdra\u017cane rozwi\u0105zania szybko przek\u0142adaj\u0105 si\u0119 na mierzalne rezultaty i trwa\u0142\u0105 zmian\u0119 w organizacji.<\/p>\n\n\n\n<div class=\"wp-block-buttons is-horizontal is-content-justification-center is-layout-flex wp-container-core-buttons-is-layout-499968f5 wp-block-buttons-is-layout-flex\">\n<div class=\"wp-block-button is-style-primary\"><a class=\"wp-block-button__link has-neve-link-color-color has-text-color has-background has-link-color wp-element-button\" href=\"https:\/\/mlkonsulting.pl\/index.php\/kontakt\/\" style=\"background-color:#ffffff\">Um\u00f3w bezp\u0142atn\u0105 konsultacj\u0119<\/a><\/div>\n<\/div>\n<\/div><\/div>\n<\/div>\n\n\n\n<div class=\"wp-block-column is-layout-flow wp-block-column-is-layout-flow\" style=\"flex-basis:20%\"><\/div>\n<\/div>\n<\/div><\/div>\n<\/div><\/div>\n\n\n\n<section id=\"wp-block-themeisle-blocks-advanced-columns-82b0a6aa\" class=\"wp-block-themeisle-blocks-advanced-columns alignfull has-2-columns has-desktop-equal-layout has-tablet-equal-layout has-mobile-collapsedRows-layout has-vertical-flex-start ticss-7b5eb70a\"><div class=\"wp-block-themeisle-blocks-advanced-columns-overlay\"><\/div><div class=\"innerblocks-wrap\">\n<div id=\"wp-block-themeisle-blocks-advanced-column-e1593f6f\" class=\"wp-block-themeisle-blocks-advanced-column ticss-3fe6b647\">\n<h3 id=\"wp-block-themeisle-blocks-advanced-heading-609749cb\" class=\"wp-block-themeisle-blocks-advanced-heading wp-block-themeisle-blocks-advanced-heading-609749cb\"><strong>Kompleksowe i elastyczne wdro\u017cenia Lean \u2013 dopasowane do potrzeb organizacji<\/strong><\/h3>\n\n\n\n<p id=\"wp-block-themeisle-blocks-advanced-heading-a1d381b0\" class=\"wp-block-themeisle-blocks-advanced-heading wp-block-themeisle-blocks-advanced-heading-a1d381b0\"><em>Wspieramy organizacje w projektowaniu i wdra\u017caniu rozwi\u0105za\u0144 opartych na Lean Management, kt\u00f3rych celem jest zwi\u0119kszenie efektywno\u015bci operacyjnej, eliminacja strat oraz budowanie stabilnych i powtarzalnych proces\u00f3w. Nasze dzia\u0142ania koncentruj\u0105 si\u0119 na praktycznym zastosowaniu narz\u0119dzi oraz pracy bezpo\u015brednio w \u015brodowisku klienta, dzi\u0119ki czemu wdra\u017cane rozwi\u0105zania s\u0105 dopasowane do realnych warunk\u00f3w funkcjonowania organizacji.<br>Wdro\u017cenie realizowane jest w pierwszej kolejno\u015bci na wybranym przez klienta obszarze lub linii produkcyjnej, co pozwala na przetestowanie rozwi\u0105za\u0144 w praktyce oraz osi\u0105gni\u0119cie szybkich, mierzalnych efekt\u00f3w. Zdobyta w tym procesie wiedza i do\u015bwiadczenie mog\u0105 by\u0107 nast\u0119pnie skutecznie przenoszone na kolejne obszary organizacji \u2013 samodzielnie przez zesp\u00f3\u0142 klienta lub przy naszym dalszym wsparciu.<br>Wdra\u017camy Lean w spos\u00f3b systemowy \u2013 \u0142\u0105cz\u0105c optymalizacj\u0119 proces\u00f3w, rozw\u00f3j kompetencji zespo\u0142\u00f3w oraz budowanie kultury ci\u0105g\u0142ego doskonalenia. Skupiamy si\u0119 nie tylko na identyfikacji problem\u00f3w, ale przede wszystkim na ich trwa\u0142ym rozwi\u0105zaniu, co przek\u0142ada si\u0119 na popraw\u0119 wynik\u00f3w, zwi\u0119kszenie produktywno\u015bci oraz lepsze wykorzystanie zasob\u00f3w w organizacji.<\/em><\/p>\n\n\n<div class=\"wp-block-image\">\n<figure class=\"aligncenter size-full\"><img loading=\"lazy\" decoding=\"async\" width=\"1536\" height=\"1024\" src=\"https:\/\/mlkonsulting.pl\/wp-content\/uploads\/2026\/03\/ChatGPT-Image-31-mar-2026-13_21_42.png\" alt=\"\" class=\"wp-image-1316\" style=\"aspect-ratio:1.5000827038650273\" srcset=\"https:\/\/mlkonsulting.pl\/wp-content\/uploads\/2026\/03\/ChatGPT-Image-31-mar-2026-13_21_42.png 1536w, https:\/\/mlkonsulting.pl\/wp-content\/uploads\/2026\/03\/ChatGPT-Image-31-mar-2026-13_21_42-300x200.png 300w, https:\/\/mlkonsulting.pl\/wp-content\/uploads\/2026\/03\/ChatGPT-Image-31-mar-2026-13_21_42-1024x683.png 1024w, https:\/\/mlkonsulting.pl\/wp-content\/uploads\/2026\/03\/ChatGPT-Image-31-mar-2026-13_21_42-768x512.png 768w, https:\/\/mlkonsulting.pl\/wp-content\/uploads\/2026\/03\/ChatGPT-Image-31-mar-2026-13_21_42-930x620.png 930w\" sizes=\"auto, (max-width: 1536px) 100vw, 1536px\" \/><\/figure>\n<\/div>\n\n\n<p><\/p>\n\n\n\n<div class=\"wp-block-buttons is-content-justification-center is-layout-flex wp-container-core-buttons-is-layout-8057eaf3 wp-block-buttons-is-layout-flex\">\n<div class=\"wp-block-button has-custom-width wp-block-button__width-75 is-style-primary\"><a class=\"wp-block-button__link has-medium-font-size has-text-align-center has-custom-font-size wp-element-button\">Sprawd\u017a ofert\u0119<\/a><\/div>\n<\/div>\n<\/div>\n\n\n\n<div id=\"wp-block-themeisle-blocks-advanced-column-5136dc33\" class=\"wp-block-themeisle-blocks-advanced-column ticss-3fe6b647\">\n<h3 id=\"wp-block-themeisle-blocks-advanced-heading-b8f3fcd2\" class=\"wp-block-themeisle-blocks-advanced-heading wp-block-themeisle-blocks-advanced-heading-b8f3fcd2\"><strong>Wdra\u017canie Total Productive Maintenance i Autonomous Maintenance<\/strong><\/h3>\n\n\n\n<p id=\"wp-block-themeisle-blocks-advanced-heading-e0494c6f\" class=\"wp-block-themeisle-blocks-advanced-heading wp-block-themeisle-blocks-advanced-heading-e0494c6f\"><em><em>Wspieramy organizacje w projektowaniu i wdra\u017caniu rozwi\u0105za\u0144 z zakresu Total Productive Maintenance oraz Autonomous Maintenance, kt\u00f3rych celem jest zwi\u0119kszenie dost\u0119pno\u015bci maszyn, ograniczenie awarii oraz redukcja strat produkcyjnych. Wdro\u017cenia realizowane s\u0105 w oparciu o praktyczne dzia\u0142ania w \u015brodowisku produkcyjnym, obejmuj\u0105ce zar\u00f3wno optymalizacj\u0119 proces\u00f3w utrzymania ruchu, jak i zaanga\u017cowanie operator\u00f3w w codzienn\u0105 prac\u0119 z maszynami.<br>Proces wdro\u017ceniowy rozpoczynamy od wybranego obszaru lub linii produkcyjnej, gdzie wprowadzamy standardy pracy, dzia\u0142ania prewencyjne oraz narz\u0119dzia umo\u017cliwiaj\u0105ce bie\u017c\u0105c\u0105 kontrol\u0119 stanu technicznego maszyn. R\u00f3wnolegle rozwijamy kompetencje zespo\u0142u, przygotowuj\u0105c pracownik\u00f3w do samodzielnego utrzymania wdro\u017conych rozwi\u0105za\u0144 oraz dalszego doskonalenia proces\u00f3w.<br>Zdobyta wiedza i do\u015bwiadczenie mog\u0105 by\u0107 nast\u0119pnie skutecznie przenoszone na kolejne obszary organizacji \u2013 samodzielnie przez zesp\u00f3\u0142 klienta lub przy naszym wsparciu, a\u017c do osi\u0105gni\u0119cia pe\u0142nej implementacji systemu. Takie podej\u015bcie pozwala na budowanie trwa\u0142ych efekt\u00f3w, popraw\u0119 wska\u017anik\u00f3w operacyjnych oraz zwi\u0119kszenie stabilno\u015bci proces\u00f3w produkcyjnych.<\/em><\/em><\/p>\n\n\n<div class=\"wp-block-image\">\n<figure class=\"aligncenter size-large\"><img loading=\"lazy\" decoding=\"async\" width=\"1024\" height=\"683\" src=\"http:\/\/mlkonsulting.pl\/wp-content\/uploads\/2026\/04\/ChatGPT-Image-3-kwi-2026-11_30_42-1024x683.png\" alt=\"\" class=\"wp-image-1318\" style=\"aspect-ratio:1.49933869723355\" srcset=\"https:\/\/mlkonsulting.pl\/wp-content\/uploads\/2026\/04\/ChatGPT-Image-3-kwi-2026-11_30_42-1024x683.png 1024w, https:\/\/mlkonsulting.pl\/wp-content\/uploads\/2026\/04\/ChatGPT-Image-3-kwi-2026-11_30_42-300x200.png 300w, https:\/\/mlkonsulting.pl\/wp-content\/uploads\/2026\/04\/ChatGPT-Image-3-kwi-2026-11_30_42-768x512.png 768w, https:\/\/mlkonsulting.pl\/wp-content\/uploads\/2026\/04\/ChatGPT-Image-3-kwi-2026-11_30_42-930x620.png 930w, https:\/\/mlkonsulting.pl\/wp-content\/uploads\/2026\/04\/ChatGPT-Image-3-kwi-2026-11_30_42.png 1536w\" sizes=\"auto, (max-width: 1024px) 100vw, 1024px\" \/><\/figure>\n<\/div>\n\n\n<p><\/p>\n\n\n\n<div class=\"wp-block-buttons is-content-justification-center is-layout-flex wp-container-core-buttons-is-layout-8057eaf3 wp-block-buttons-is-layout-flex\">\n<div class=\"wp-block-button has-custom-width wp-block-button__width-75 is-style-primary\"><a class=\"wp-block-button__link has-medium-font-size has-text-align-center has-custom-font-size wp-element-button\">Sprawd\u017a ofert\u0119<\/a><\/div>\n<\/div>\n<\/div>\n<\/div><\/section>\n\n\n\n<div class=\"wp-block-cover has-nv-text-dark-bg-color has-text-color has-link-color wp-elements-51d73e5679b42fb5072c06036316e910\" style=\"padding-top:var(--wp--preset--spacing--80);padding-right:var(--wp--preset--spacing--50);padding-bottom:var(--wp--preset--spacing--80);padding-left:var(--wp--preset--spacing--50)\"><span aria-hidden=\"true\" class=\"wp-block-cover__background has-nv-dark-bg-background-color has-background-dim-100 has-background-dim\"><\/span><div class=\"wp-block-cover__inner-container is-layout-flow wp-block-cover-is-layout-flow\">\n<div class=\"wp-block-group\"><div class=\"wp-block-group__inner-container is-layout-flow wp-block-group-is-layout-flow\">\n<h2 class=\"wp-block-heading has-text-align-center\">Nasze programy wdro\u017ce\u0144 nie s\u0105 dopasowane do Twojej organizacji?<\/h2>\n\n\n\n<p class=\"has-text-align-center has-nv-text-dark-bg-color has-text-color has-link-color has-medium-font-size wp-elements-1d13df6e755568db70c84b6dc23110ae\">Skontaktuj si\u0119 z nami, przygotujemy wdro\u017cenie szyte na miar\u0119  idealnie dopasowane do Twoich potrzeb.<\/p>\n\n\n\n<div class=\"wp-block-buttons is-content-justification-center is-layout-flex wp-container-core-buttons-is-layout-16018d1d wp-block-buttons-is-layout-flex\">\n<div class=\"wp-block-button is-style-primary\"><a class=\"wp-block-button__link has-text-align-center wp-element-button\" href=\"https:\/\/mlkonsulting.pl\/index.php\/kontakt\/\">Skontaktuj si\u0119 z nami<\/a><\/div>\n<\/div>\n<\/div><\/div>\n<\/div><\/div>\n","protected":false},"excerpt":{"rendered":"","protected":false},"author":1,"featured_media":0,"parent":0,"menu_order":0,"comment_status":"closed","ping_status":"closed","template":"","meta":{"neve_meta_sidebar":"left","neve_meta_container":"contained","neve_meta_enable_content_width":"on","neve_meta_content_width":100,"neve_meta_title_alignment":"center","neve_meta_author_avatar":"","neve_post_elements_order":"","neve_meta_disable_header":"","neve_meta_disable_footer":"","neve_meta_disable_title":"on","_themeisle_gutenberg_block_has_review":false,"footnotes":""},"class_list":["post-1306","page","type-page","status-publish","hentry"],"_links":{"self":[{"href":"https:\/\/mlkonsulting.pl\/index.php\/wp-json\/wp\/v2\/pages\/1306","targetHints":{"allow":["GET"]}}],"collection":[{"href":"https:\/\/mlkonsulting.pl\/index.php\/wp-json\/wp\/v2\/pages"}],"about":[{"href":"https:\/\/mlkonsulting.pl\/index.php\/wp-json\/wp\/v2\/types\/page"}],"author":[{"embeddable":true,"href":"https:\/\/mlkonsulting.pl\/index.php\/wp-json\/wp\/v2\/users\/1"}],"replies":[{"embeddable":true,"href":"https:\/\/mlkonsulting.pl\/index.php\/wp-json\/wp\/v2\/comments?post=1306"}],"version-history":[{"count":16,"href":"https:\/\/mlkonsulting.pl\/index.php\/wp-json\/wp\/v2\/pages\/1306\/revisions"}],"predecessor-version":[{"id":1331,"href":"https:\/\/mlkonsulting.pl\/index.php\/wp-json\/wp\/v2\/pages\/1306\/revisions\/1331"}],"wp:attachment":[{"href":"https:\/\/mlkonsulting.pl\/index.php\/wp-json\/wp\/v2\/media?parent=1306"}],"curies":[{"name":"wp","href":"https:\/\/api.w.org\/{rel}","templated":true}]}}